{"id":20,"date":"2024-01-18T17:48:54","date_gmt":"2024-01-18T16:48:54","guid":{"rendered":"https:\/\/touchepasmesvieux.com\/?page_id=20"},"modified":"2026-03-31T18:55:31","modified_gmt":"2026-03-31T16:55:31","slug":"soutenir-la-cause","status":"publish","type":"page","link":"https:\/\/touchepasmesvieux.com\/index.php\/soutenir-la-cause\/","title":{"rendered":"Soutenir la cause"},"content":{"rendered":"\n<div class=\"wp-block-group alignfull has-contrast-3-background-color has-background has-global-padding is-layout-constrained wp-container-core-group-is-layout-490fa1db wp-block-group-is-layout-constrained\" style=\"padding-top:var(--wp--preset--spacing--50);padding-right:var(--wp--preset--spacing--50);padding-bottom:var(--wp--preset--spacing--50);padding-left:var(--wp--preset--spacing--50)\">\n<div class=\"wp-block-group has-global-padding is-layout-constrained wp-container-core-group-is-layout-4e99f8cd wp-block-group-is-layout-constrained\">\n<h1 class=\"wp-block-heading has-text-align-center has-x-large-font-size\">Un engagement en faveur du bien-\u00eatre de nos a\u00een\u00e9s<\/h1>\n\n\n\n<div style=\"height:1.25rem\" aria-hidden=\"true\" class=\"wp-block-spacer\"><\/div>\n\n\n\n<p class=\"has-text-align-center\">Parce que nous sommes tous concern\u00e9s, t\u00f4t ou tard, par le bien-\u00eatre de nos proches vieillissants. <\/p>\n\n\n\n<div style=\"height:1.25rem\" aria-hidden=\"true\" class=\"wp-block-spacer\"><\/div>\n<\/div>\n\n\n\n<div style=\"height:var(--wp--preset--spacing--30)\" aria-hidden=\"true\" class=\"wp-block-spacer\"><\/div>\n\n\n\n<figure class=\"wp-block-image alignwide size-full is-style-rounded is-style-rounded--1\"><img loading=\"lazy\" decoding=\"async\" width=\"699\" height=\"393\" src=\"http:\/\/touchepasmesvieux.com\/wp-content\/uploads\/2024\/01\/A362hospice_hands_diverse_16x9_hero.jpg\" alt=\"\" class=\"wp-image-128\" srcset=\"https:\/\/touchepasmesvieux.com\/wp-content\/uploads\/2024\/01\/A362hospice_hands_diverse_16x9_hero.jpg 699w, https:\/\/touchepasmesvieux.com\/wp-content\/uploads\/2024\/01\/A362hospice_hands_diverse_16x9_hero-300x169.jpg 300w\" sizes=\"auto, (max-width: 699px) 100vw, 699px\" \/><\/figure>\n<\/div>\n\n\n\n<div class=\"wp-block-group alignfull has-base-2-background-color has-background has-global-padding is-layout-constrained wp-container-core-group-is-layout-669513ed wp-block-group-is-layout-constrained\" style=\"margin-top:0;margin-bottom:0;padding-top:var(--wp--preset--spacing--50);padding-right:var(--wp--preset--spacing--50);padding-bottom:var(--wp--preset--spacing--50);padding-left:var(--wp--preset--spacing--50)\">\n<h2 class=\"wp-block-heading has-text-align-center is-style-asterisk\">Qui \u00eates-vous ?<\/h2>\n\n\n\n<div class=\"wp-block-group is-vertical is-content-justification-center is-layout-flex wp-container-core-group-is-layout-52b864f0 wp-block-group-is-layout-flex\">\n<p class=\"has-text-align-center\">Chacun d&rsquo;entre nous a un r\u00f4le \u00e0 jouer dans la lutte pour le respect des droits des r\u00e9sidents en EHPAD. Peu importe votre profil, vous pouvez agir pour d\u00e9fendre cette cause qui nous concerne tous. <\/p>\n<\/div>\n\n\n\n<div style=\"margin-top:0;margin-bottom:0;height:var(--wp--preset--spacing--40)\" aria-hidden=\"true\" class=\"wp-block-spacer\"><\/div>\n\n\n\n<div class=\"wp-block-columns alignwide is-layout-flex wp-container-core-columns-is-layout-d0bbbce0 wp-block-columns-is-layout-flex\">\n<div class=\"wp-block-column is-layout-flow wp-container-core-column-is-layout-e3d1c41b wp-block-column-is-layout-flow\">\n<h3 class=\"wp-block-heading has-text-align-left is-style-asterisk has-body-font-family has-medium-font-size\" style=\"font-style:normal;font-weight:600\">Familles de r\u00e9sidents<\/h3>\n\n\n\n<p class=\"has-text-align-left\">Prenez contact avec les Repr\u00e9sentants des Familles du <a href=\"https:\/\/www.pour-les-personnes-agees.gouv.fr\/vivre-dans-un-ehpad\/droits-en-ehpad\/a-quoi-sert-le-conseil-de-la-vie-sociale\" data-type=\"link\" data-id=\"https:\/\/www.pour-les-personnes-agees.gouv.fr\/vivre-dans-un-ehpad\/droits-en-ehpad\/a-quoi-sert-le-conseil-de-la-vie-sociale\">CVS<\/a>, demandez le R\u00e8glement Int\u00e9rieur du CVS \u00e0 la direction et portez-vous candidat comme Repr\u00e9sentant des Familles au CVS si des \u00e9lections sont annonc\u00e9es.<\/p>\n<\/div>\n\n\n\n<div class=\"wp-block-column is-layout-flow wp-container-core-column-is-layout-e3d1c41b wp-block-column-is-layout-flow\">\n<h3 class=\"wp-block-heading has-text-align-left is-style-asterisk has-body-font-family has-medium-font-size\" style=\"font-style:normal;font-weight:600\">Avocats ou Juristes<\/h3>\n\n\n\n<p class=\"has-text-align-left\">Nous avons besoin de vos conseils pour analyser diff\u00e9rents documents, pour travailler sur des projets d&rsquo;amendements sur des textes l\u00e9gislatifs ou r\u00e8glementaires.<\/p>\n<\/div>\n\n\n\n<div class=\"wp-block-column is-layout-flow wp-container-core-column-is-layout-e3d1c41b wp-block-column-is-layout-flow\">\n<h3 class=\"wp-block-heading has-text-align-left is-style-asterisk has-body-font-family has-medium-font-size\" style=\"font-style:normal;font-weight:600\">Politiques<\/h3>\n\n\n\n<p class=\"has-text-align-left\">Nous avons besoin de vous pour interpeller le gouvernement afin qu&rsquo;il corrige ou compl\u00e8te quelques textes r\u00e9glementaires inapplicables ou pouvent \u00eatre interpr\u00e9t\u00e9s de fa\u00e7on abusive.<\/p>\n<\/div>\n<\/div>\n\n\n\n<div style=\"height:var(--wp--preset--spacing--20)\" aria-hidden=\"true\" class=\"wp-block-spacer\"><\/div>\n\n\n\n<div class=\"wp-block-columns alignwide is-layout-flex wp-container-core-columns-is-layout-d0bbbce0 wp-block-columns-is-layout-flex\">\n<div class=\"wp-block-column is-layout-flow wp-container-core-column-is-layout-e3d1c41b wp-block-column-is-layout-flow\">\n<h3 class=\"wp-block-heading has-text-align-left is-style-asterisk has-body-font-family has-medium-font-size\" style=\"font-style:normal;font-weight:600\">Journalistes<\/h3>\n\n\n\n<p class=\"has-text-align-left\">Nous avons besoin de vos r\u00e9seaux pour faire conna\u00eetre notre mission et nos actions.<\/p>\n<\/div>\n\n\n\n<div class=\"wp-block-column is-layout-flow wp-container-core-column-is-layout-e3d1c41b wp-block-column-is-layout-flow\">\n<h3 class=\"wp-block-heading has-text-align-left is-style-asterisk has-body-font-family has-medium-font-size\" style=\"font-style:normal;font-weight:600\">Directeurs d&rsquo;EHPAD ou personnel soignant<\/h3>\n\n\n\n<p class=\"has-text-align-left\">Nous avons besoin de vous pour nous aider \u00e0 mettre en place des <a href=\"https:\/\/www.pour-les-personnes-agees.gouv.fr\/vivre-dans-un-ehpad\/droits-en-ehpad\/a-quoi-sert-le-conseil-de-la-vie-sociale\" data-type=\"link\" data-id=\"https:\/\/www.pour-les-personnes-agees.gouv.fr\/vivre-dans-un-ehpad\/droits-en-ehpad\/a-quoi-sert-le-conseil-de-la-vie-sociale\">CVS<\/a> au sein de vos EHPAD. <\/p>\n<\/div>\n\n\n\n<div class=\"wp-block-column is-layout-flow wp-container-core-column-is-layout-e3d1c41b wp-block-column-is-layout-flow\">\n<h3 class=\"wp-block-heading has-text-align-left is-style-asterisk has-body-font-family has-medium-font-size\" style=\"font-style:normal;font-weight:600\">Entreprises<\/h3>\n\n\n\n<p class=\"has-text-align-left\">Nous avons besoin de vos r\u00e9seaux pour faire conna\u00eetre notre mission et nos actions.<\/p>\n<\/div>\n<\/div>\n<\/div>\n\n\n\n<div class=\"wp-block-group alignfull has-global-padding is-layout-constrained wp-container-core-group-is-layout-d89aad35 wp-block-group-is-layout-constrained\" style=\"margin-top:0;margin-bottom:0;padding-top:var(--wp--preset--spacing--50);padding-right:var(--wp--preset--spacing--50);padding-bottom:var(--wp--preset--spacing--50);padding-left:var(--wp--preset--spacing--50)\">\n<div class=\"wp-block-group alignwide has-global-padding is-layout-constrained wp-container-core-group-is-layout-19e250f3 wp-block-group-is-layout-constrained\">\n<div class=\"wp-block-group is-vertical is-content-justification-center is-layout-flex wp-container-core-group-is-layout-6329a8f3 wp-block-group-is-layout-flex\">\n<h2 class=\"wp-block-heading has-text-align-center is-style-asterisk\">Nous avons besoin de vous !<\/h2>\n<\/div>\n\n\n\n<div style=\"height:var(--wp--preset--spacing--40)\" aria-hidden=\"true\" class=\"wp-block-spacer\"><\/div>\n\n\n\n<div class=\"wp-block-columns alignwide is-layout-flex wp-container-core-columns-is-layout-d1c656ed wp-block-columns-is-layout-flex\">\n<div class=\"wp-block-column is-vertically-aligned-center is-layout-flow wp-block-column-is-layout-flow\" style=\"flex-basis:40%\">\n<h3 class=\"wp-block-heading is-style-asterisk\">En lien direct avec les EHPAD<\/h3>\n\n\n\n<ul style=\"line-height:1.75\" class=\"wp-block-list is-style-checkmark-list\">\n<li>Si vous \u00eates sur place dans les EHPAD, r\u00e9sidents, proches des r\u00e9sidents ou personnels : racontez nous vos exp\u00e9riences en EHPAD et votre ressenti. Votre t\u00e9moignage est essentiel.<\/li>\n<\/ul>\n<\/div>\n\n\n\n<div class=\"wp-block-column is-layout-flow wp-block-column-is-layout-flow\" style=\"flex-basis:50%\">\n<figure class=\"wp-block-image size-full is-resized is-style-rounded is-style-rounded--2\"><img loading=\"lazy\" decoding=\"async\" width=\"500\" height=\"500\" src=\"http:\/\/touchepasmesvieux.com\/wp-content\/uploads\/2024\/01\/GettyImages-932074776_g1mizh.webp\" alt=\"\" class=\"wp-image-129\" style=\"width:478px;height:auto\" srcset=\"https:\/\/touchepasmesvieux.com\/wp-content\/uploads\/2024\/01\/GettyImages-932074776_g1mizh.webp 500w, https:\/\/touchepasmesvieux.com\/wp-content\/uploads\/2024\/01\/GettyImages-932074776_g1mizh-300x300.webp 300w, https:\/\/touchepasmesvieux.com\/wp-content\/uploads\/2024\/01\/GettyImages-932074776_g1mizh-150x150.webp 150w\" sizes=\"auto, (max-width: 500px) 100vw, 500px\" \/><\/figure>\n<\/div>\n<\/div>\n\n\n\n<div style=\"height:var(--wp--preset--spacing--40)\" aria-hidden=\"true\" class=\"wp-block-spacer\"><\/div>\n\n\n\n<div class=\"wp-block-columns alignwide is-layout-flex wp-container-core-columns-is-layout-d1c656ed wp-block-columns-is-layout-flex\">\n<div class=\"wp-block-column is-layout-flow wp-block-column-is-layout-flow\" style=\"flex-basis:50%\">\n<figure class=\"wp-block-image size-large is-style-rounded is-style-rounded--3\"><img loading=\"lazy\" decoding=\"async\" width=\"1024\" height=\"538\" src=\"http:\/\/touchepasmesvieux.com\/wp-content\/uploads\/2024\/01\/R-1024x538.jpg\" alt=\"\" class=\"wp-image-130\" srcset=\"https:\/\/touchepasmesvieux.com\/wp-content\/uploads\/2024\/01\/R-1024x538.jpg 1024w, https:\/\/touchepasmesvieux.com\/wp-content\/uploads\/2024\/01\/R-300x158.jpg 300w, https:\/\/touchepasmesvieux.com\/wp-content\/uploads\/2024\/01\/R-768x403.jpg 768w, https:\/\/touchepasmesvieux.com\/wp-content\/uploads\/2024\/01\/R.jpg 1200w\" sizes=\"auto, (max-width: 1024px) 100vw, 1024px\" \/><\/figure>\n<\/div>\n\n\n\n<div class=\"wp-block-column is-vertically-aligned-center is-layout-flow wp-block-column-is-layout-flow\" style=\"flex-basis:40%\">\n<h3 class=\"wp-block-heading is-style-asterisk\">Touch\u00e9s indirectement par la situation en EHPAD<\/h3>\n\n\n\n<ul style=\"line-height:1.75\" class=\"wp-block-list is-style-checkmark-list\">\n<li>Hors des EHPAD : Un jour ou l&rsquo;autre, de pr\u00e8s ou de loin, la vie en EHPAD peut vous concerner. Vous pouvez relayer notre message, nous avons besoin d&rsquo;une large mobilisation.<\/li>\n<\/ul>\n<\/div>\n<\/div>\n<\/div>\n<\/div>\n\n\n\n<div class=\"wp-block-group alignfull has-base-color has-contrast-background-color has-text-color has-background has-global-padding is-layout-constrained wp-container-core-group-is-layout-69f8665e wp-block-group-is-layout-constrained\" style=\"margin-top:0;margin-bottom:0;padding-top:var(--wp--preset--spacing--50);padding-right:var(--wp--preset--spacing--10);padding-bottom:var(--wp--preset--spacing--50);padding-left:var(--wp--preset--spacing--10)\">\n<div class=\"wp-block-group has-global-padding is-layout-constrained wp-block-group-is-layout-constrained\">\n<h5 class=\"wp-block-heading has-text-align-center is-style-default has-base-color has-text-color\" style=\"margin-right:0;margin-left:0;padding-right:0;padding-left:0;font-size:clamp(1.403rem, 1.403rem + ((1vw - 0.2rem) * 1.495), 2.3rem);\"><strong>N\u2019h\u00e9sitez pas \u00e0 adh\u00e9rer \u00e0 l\u2019association TouchePasMesVieux <\/strong><\/h5>\n<\/div>\n<\/div>\n\n\n\n<div class=\"wp-block-group alignfull has-global-padding is-layout-constrained wp-container-core-group-is-layout-32a46761 wp-block-group-is-layout-constrained\" style=\"margin-top:0;margin-bottom:0;padding-top:var(--wp--preset--spacing--40);padding-right:var(--wp--preset--spacing--50);padding-bottom:var(--wp--preset--spacing--40);padding-left:var(--wp--preset--spacing--50)\">\n<h2 class=\"wp-block-heading alignwide has-text-align-center has-x-large-font-size\" style=\"margin-top:0;margin-bottom:var(--wp--preset--spacing--40);line-height:1\">Soutenez nous :<\/h2>\n\n\n\n<div class=\"wp-block-buttons has-custom-font-size is-content-justification-center is-layout-flex wp-container-core-buttons-is-layout-007a9c89 wp-block-buttons-is-layout-flex\" style=\"font-size:clamp(0.929rem, 0.929rem + ((1vw - 0.2rem) * 0.785), 1.4rem);\">\n<div class=\"wp-block-button\"><a class=\"wp-block-button__link wp-element-button\" href=\"http:\/\/touchepasmesvieux.com\/gRid88b\/bulletin%20d'adh%C3%A9sion.pdf\">Par Ch\u00e8que<\/a><\/div>\n\n\n\n<div class=\"wp-block-button\"><a class=\"wp-block-button__link wp-element-button\" href=\"https:\/\/www.helloasso.com\/associations\/touchepasmesvieux\/adhesions\/adhesions-2026\" target=\"_blank\" rel=\"noreferrer noopener\">Par Internet<\/a><\/div>\n<\/div>\n\n\n\n<div class=\"wp-block-buttons is-content-justification-center is-layout-flex wp-container-core-buttons-is-layout-a89b3969 wp-block-buttons-is-layout-flex\"><\/div>\n<\/div>\n\n\n\n<div class=\"wp-block-group alignfull has-global-padding is-layout-constrained wp-container-core-group-is-layout-b673cb31 wp-block-group-is-layout-constrained\" style=\"margin-top:0;margin-bottom:0;padding-top:var(--wp--preset--spacing--30);padding-right:var(--wp--preset--spacing--50);padding-bottom:var(--wp--preset--spacing--30);padding-left:var(--wp--preset--spacing--50)\">\n<div class=\"wp-block-group alignwide has-base-2-background-color has-background has-global-padding is-layout-constrained wp-container-core-group-is-layout-9440b634 wp-block-group-is-layout-constrained\" style=\"border-radius:16px;padding-top:var(--wp--preset--spacing--10);padding-right:0;padding-bottom:var(--wp--preset--spacing--10);padding-left:0\">\n<div style=\"height:var(--wp--preset--spacing--10)\" aria-hidden=\"true\" class=\"wp-block-spacer\"><\/div>\n\n\n\n<h2 class=\"wp-block-heading has-text-align-center has-x-large-font-size\">Message aux familles de r\u00e9sidents :<\/h2>\n\n\n\n<p class=\"has-text-align-center\">La qualit\u00e9 de la prise en charge de nos vieux parents en EHPAD d\u00e9pend de notre attention. Une observation attentive, r\u00e9guli\u00e8re et une remont\u00e9e au personnel soignant, aux cadres ou \u00e0 la direction peuvent am\u00e9liorer significativement leur quotidien. Un CVS visible et dynamique est un signe fort de la volont\u00e9 de la direction d&rsquo;entendre et de collaborer avec les Repr\u00e9sentants des r\u00e9sidents, des familles et du personnel. Il doit exister un panneau d&rsquo;affichage r\u00e9serv\u00e9 au CVS avec les coordonn\u00e9es des diff\u00e9rents repr\u00e9sentants du CVS, et une bo\u00eete aux lettres r\u00e9serv\u00e9e au CVS.<\/p>\n\n\n\n<p class=\"has-text-align-center\">Vous aussi vous pouvez \u00e9crire au Pr\u00e9sident de la R\u00e9publique pour t\u00e9moigner de l&rsquo;application des directives minist\u00e9rielles dans votre EHPAD, et lui demander d&rsquo;initier un d\u00e9cret ou une loi pour remplacer les directives en joignant \u00e0 votre lettre la copie du courrier que nous lui avons envoy\u00e9.<\/p>\n\n\n\n<div class=\"wp-block-buttons is-content-justification-center is-layout-flex wp-container-core-buttons-is-layout-a89b3969 wp-block-buttons-is-layout-flex\">\n<div class=\"wp-block-button\"><a class=\"wp-block-button__link has-medium-font-size has-custom-font-size wp-element-button\" href=\"https:\/\/www.helloasso.com\/associations\/touchepasmesvieux\/adhesions\/adhesions-2025\">Adh\u00e9rer<\/a><\/div>\n<\/div>\n\n\n\n<div style=\"height:var(--wp--preset--spacing--10)\" aria-hidden=\"true\" class=\"wp-block-spacer\"><\/div>\n<\/div>\n<\/div>\n","protected":false},"excerpt":{"rendered":"<p>Un engagement en faveur du bien-\u00eatre de nos a\u00een\u00e9s Parce que nous sommes tous concern\u00e9s, t\u00f4t ou tard, par le bien-\u00eatre de nos proches vieillissants. Qui \u00eates-vous ? Chacun d&rsquo;entre nous a un r\u00f4le \u00e0 jouer dans la lutte pour le respect des droits des r\u00e9sidents en EHPAD. Peu importe votre profil, vous pouvez agir [&hellip;]<\/p>\n","protected":false},"author":1,"featured_media":0,"parent":0,"menu_order":0,"comment_status":"closed","ping_status":"closed","template":"","meta":{"footnotes":""},"class_list":["post-20","page","type-page","status-publish","hentry"],"_links":{"self":[{"href":"https:\/\/touchepasmesvieux.com\/index.php\/wp-json\/wp\/v2\/pages\/20","targetHints":{"allow":["GET"]}}],"collection":[{"href":"https:\/\/touchepasmesvieux.com\/index.php\/wp-json\/wp\/v2\/pages"}],"about":[{"href":"https:\/\/touchepasmesvieux.com\/index.php\/wp-json\/wp\/v2\/types\/page"}],"author":[{"embeddable":true,"href":"https:\/\/touchepasmesvieux.com\/index.php\/wp-json\/wp\/v2\/users\/1"}],"replies":[{"embeddable":true,"href":"https:\/\/touchepasmesvieux.com\/index.php\/wp-json\/wp\/v2\/comments?post=20"}],"version-history":[{"count":28,"href":"https:\/\/touchepasmesvieux.com\/index.php\/wp-json\/wp\/v2\/pages\/20\/revisions"}],"predecessor-version":[{"id":399,"href":"https:\/\/touchepasmesvieux.com\/index.php\/wp-json\/wp\/v2\/pages\/20\/revisions\/399"}],"wp:attachment":[{"href":"https:\/\/touchepasmesvieux.com\/index.php\/wp-json\/wp\/v2\/media?parent=20"}],"curies":[{"name":"wp","href":"https:\/\/api.w.org\/{rel}","templated":true}]}}